 of 5915044 and 3448.
1724
What is the greatest common factor of 368603 and 44405?
83
Calculate the highest common factor of 3064 and 228651.
383
What is the greatest common divisor of 8025 and 10418025?
75
Calculate the greatest common factor of 5273058 and 378.
42
What is the greatest common divisor of 3940870 and 555?
185
What is the greatest common divisor of 3926124 and 432?
108
What is the highest common divisor of 1098 and 51594898?
122
What is the greatest common divisor of 276 and 299883?
3
Calculate the highest common factor of 143499 and 3800409.
4629
What is the highest common factor of 767 and 263497481?
767
Calculate the greatest common factor of 42904 and 39928.
248
What is the greatest common divisor of 194 and 3631874?
194
Calculate the highest common divisor of 31762684 and 4132.
4132
Calculate the highest common factor of 347 and 10528327.
347
What is the greatest common divisor of 2418763 and 514554?
449
Calculate the greatest common factor of 4927 and 73879.
13
What is the highest common factor of 2279772764 and 5917?
5917
What is the greatest common divisor of 51 and 36032299?
17
What is the greatest common divisor of 92937 and 9893?
13
What is the greatest common factor of 61859388 and 227712?
7116
What is the highest common factor of 2423728 and 400?
16
What is the greatest common factor of 174 and 230732961?
87
Calculate the highest common divisor of 1203 and 5158464.
1203
Calculate the greatest common divisor of 8198057 and 28035.
623
Calculate the highest common factor of 1605522 and 54.
6
What is the greatest common factor of 41162 and 136070?
22
Calculate the highest common factor of 267166 and 163.
1
Calculate the highest common factor of 210285990 and 5.
5
What is the highest common divisor of 45276670 and 2410?
2410
Calculate the greatest common factor of 48 and 262252272.
48
Calculate the highest common divisor of 810332 and 47056.
692
Calculate the greatest common divisor of 5211605 and 10115.
595
What is the highest common divisor of 26 and 800619482?
26
Calculate the highest common factor of 568 and 9120944.
568
What is the greatest common divisor of 425152 and 1591408?
1456
Calculate the greatest common factor of 123954642 and 2436.
1218
What is the highest common factor of 147 and 14411166?
21
What is the highest common divisor of 448362 and 118818?
414
What is the greatest common factor of 61897 and 271337?
187
What is the highest common factor of 50061 and 49237269?
4551
Calculate the highest common factor of 70 and 55908370.
70
Calculate the highest common factor of 1052 and 1742638.
526
What is the highest common factor of 1195398 and 1786?
94
What is the highest common divisor of 884 and 11530675?
221
Calculate the greatest common divisor of 4568 and 29786786.
1142
Calculate the greatest common factor of 686 and 102235.
7
Calculate the highest common divisor of 557888 and 2968.
8
What is the greatest common divisor of 2565079 and 986?
493
What is the highest common divisor of 5181 and 18451884?
33
Calculate the highest common factor of 468 and 8377863.
39
What is the greatest common factor of 1776 and 168504216?
888
What is the greatest common factor of 82597981 and 62?
31
Calculate the greatest common factor of 1023 and 133188.
33
Calculate the greatest common factor of 230982534 and 282.
282
Calculate the greatest common divisor of 7384 and 7557808.
568
What is the highest common divisor of 26345 and 198555?
5
What is the highest common factor of 3907545 and 3204?
267
What is the greatest common divisor of 23858 and 1877232?
302
Calculate the greatest common factor of 19775384 and 1888.
472
What is the greatest common divisor of 42 and 82355602?
14
What is the highest common divisor of 2625 and 1818475?
25
Calculate the highest common divisor of 31683 and 1003116.
537
What is the greatest common factor of 1849429 and 682?
31
Calculate the greatest common factor of 2913 and 9900316.
971
Calculate the greatest common divisor of 25752 and 16745064.
696
Calculate the highest common divisor of 3 and 546247.
1
What is the highest common divisor of 68229 and 1344?
21
Calculate the greatest common factor of 233147547 and 18.
9
What is the highest common factor of 142038 and 91026?
234
What is the greatest common factor of 15019320 and 940?
940
What is the highest common divisor of 218 and 89755178?
218
What is the highest common factor of 11556 and 148932872?
428
What is the highest common factor of 2392 and 106789?
23
What is the highest common factor of 1686224198 and 1102?
1102
What is the highest common divisor of 1055343 and 10149?
51
What is the greatest common divisor of 4134 and 125985?
3
What is the greatest common divisor of 15323 and 60659578?
1393
Calculate the greatest common divisor of 1450950 and 20400.
2550
What is the highest common divisor of 30362 and 1212542?
646
What is the greatest common divisor of 1486423 and 62429?
383
What is the greatest common factor of 2941246 and 7546?
154
What is the greatest common divisor of 251 and 76133571?
251
What is the greatest common divisor of 721658 and 382508?
266
What is the greatest common factor of 76001800 and 2800?
1400
Calculate the greatest common factor of 417321 and 51058.
521
Calculate the highest common factor of 1603 and 113624.
7
What is the highest common factor of 882318548 and 823?
823
Calculate the greatest common divisor of 8081191 and 2388.
199
Calculate the greatest common divisor of 580560 and 402825.
615
What is the highest common divisor of 2392031 and 7111?
547
What is the highest common factor of 47 and 4741688389?
47
Calculate the greatest common factor of 115014 and 32311002.
3966
What is the greatest common divisor of 70545 and 5030?
5
Calculate the highest common divisor of 8286 and 561730036.
2762
What is the highest common divisor of 4066575 and 72601?
919
Calculate the greatest common factor of 15444 and 32647428.
1188
Calculate the greatest common factor of 443 and 1356334429.
443
Calculate the greatest common divisor of 1365 and 4523883.
273
Calculate the greatest common divisor of 5096 and 209044472.
728
Calculate the greatest common divisor of 689 and 2546934663.
689
What is the highest common factor of 30365503 and 13073?
769
Calculate the highest common divisor of 5376352 and 1632.
544
What is the greatest common factor of 1945915 and 460?
115
What is the greatest common factor of 911465 and 65255?
2105
What is the highest common factor of 3249247 and 232?
29
What is the highest common divisor of 551 and 27762287?
19
What is the greatest common factor of 344 and 112625428?
172
What is the greatest common divisor of 50737164 and 48?
12
What is the greatest common factor of 39146590 and 1862?
98
What is the greatest common divisor of 548050 and 540775?
2425
Calculate the greatest common divisor of 6 and 164280492.
6
What is the greatest common factor of 4912960 and 4576?
416
Calculate the greatest common divisor of 29526 and 843486.
798
What is the highest common divisor of 6979810 and 460?
230
Calculate the highest common divisor of 11224 and 34004511.
1403
What is the greatest common factor of 26116738 and 16?
2
Calculate the greatest common factor of 1076677 and 1533.
511
What is the greatest common factor of 5728957 and 1576?
197
What is the highest common factor of 1709980 and 1158?
386
Calculate the highest common divisor of 705460 and 39620.
140
Calculate the highest common divisor of 157272 and 642.
6
What is the greatest common factor of 35 and 350034629?
7
What is the greatest common factor of 2580 and 2240205?
15
Calculate the greatest common factor of 8192737 and 49.
7
Calculate the greatest common divisor of 225715270 and 16060.
8030
What is the highest common factor of 3969 and 10650787?
49
Calculate the highest common factor of 16060655 and 65.
65
What is the greatest common divisor of 520597 and 609?
7
What is the greatest common divisor of 9633195 and 143?
143
What is the highest common factor of 31020 and 185928710?
5170
Calculate the greatest common divisor of 32753357 and 2535138.
15649
What is the greatest common factor of 323875888 and 511?
511
What is the highest common divisor of 235677 and 225381?
39
What is the highest common divisor of 176 and 1413272?
8
What is the greatest common